*s - 3*w = -203, 2*w + 123 = r*s + 5*w. What is the tens digit of s?
4
Suppose -5 = 5*q - 5*j, -q - j + 0*j + 1 = 0. Let t(w) = w + 8. What is the units digit of t(q)?
8
Suppose u + 4*u - 15 = 0. Suppose -8 = -c - 2*j, -5*j + u = -3*c + 16. What is the units digit of c?
6
Let t = 19 - 13. Suppose 0*j - t = -2*j. What is the units digit of 7 + 4 + 6/j?
3
Suppose 0 = -4*j - 3*v + 21 + 36, 0 = -3*v - 15. Suppose -s + j = -3. What is the units digit of s?
1
Suppose -2*a + 4*a - 73 = -k, 2*a = -3*k + 83. Suppose y = -y - a. Let m = 24 + y. What is the units digit of m?
7
Let w be 2 - 2*68/(-8). Suppose -15*i - 76 = -w*i. What is the units digit of i?
9
Let m(a) = -4*a - 42. What is the units digit of m(-22)?
6
Suppose d = 216 - 73. What is the units digit of d?
3
What is the units digit of (30/(-6) - -3) + 34/2?
5
Let j(r) = -r + 4. Let x be j(4). Suppose -t + 0*t + 2 = x. Let n(q) = 4*q. What is the units digit of n(t)?
8
Let b = 7 - 4. Suppose -4*y - 4*f = 44, -y - 32 = b*y + f. Let k = y + 8. What is the units digit of k?
1
Let q(a) = a**2 - 21*a + 57. What is the units digit of q(19)?
9
Let v(a) = a**3 - 2*a**2 - 3*a - 3. Suppose f + 8 = 3*f. What is the units digit of v(f)?
7
Suppose d - 18 = q, 3*d + 2*d + 86 = -3*q. Let x = 2 - q. Suppose 2*m - 22 = -4*a + a, -x = -2*m - 2*a. What is the tens digit of m?
1
Let f(c) = 0*c**2 - 1 + 0 + c**2. Let w(l) = -l**3 + 2*l**2 - 7*l + 8. Let h(x) = 4*f(x) + w(x). What is the units digit of h(4)?
8
Suppose -1080 = -12*o + 1092. What is the units digit of o?
1
Suppose u - 194 = -2*w + 78, -3*w - 3 = 0. What is the tens digit of u?
7
Let a(q) = -q**3 - 8*q**2 - q - 5. What is the units digit of a(-8)?
3
Suppose 0 = -2*u - 4*i - 4 - 0, -5*u + 5*i + 20 = 0. Suppose -o + u*o = 1. What is the units digit of o?
1
Let q = -493 - -727. What is the units digit of q?
4
Let g = -316 + 458. What is the hundreds digit of g?
1
Suppose 55*i - 37 = 54*i. What is the tens digit of i?
3
Suppose 2*f - 61 = z, 56 = 4*f - 2*f - 2*z. What is the units digit of f?
3
Let t be (2/4)/(2/24). Let k be (4/14)/(t/42). What is the tens digit of (23/4)/(k/8)?
2
Let u be (-18)/4*2 + 1. Let s = u - -13. Let g(t) = -t**3 + 6*t**2 - 3*t - 3. What is the units digit of g(s)?
7
Let p be 2/(2 - (1 - 1)). Suppose 25 = 4*n + p. Let f(w) = 2*w - 5. What is the units digit of f(n)?
7
Suppose 5*d - 2*w = 710 - 247, -w = 3*d - 280. What is the units digit of d?
3
Suppose -3*m = -3*o - 8 - 13, -10 = -m + 4*o. Let g(v) = -2*v**3 + 13*v**2 - 2. What is the tens digit of g(m)?
3
Suppose 0 = -3*s - 4*n + 269, 4*s - 251 = s + 5*n. What is the units digit of s?
7
Let z = 57 + -40. Suppose -p - 14 = z. Let w = -13 - p. What is the tens digit of w?
1
Let q(i) = i**3 + 8*i**2 - 4*i + 8. What is the units digit of q(-7)?
5
Suppose 58 = 2*n - 4*g - 138, -3*g = -9. What is the tens digit of n?
0
Let j(s) = s**3 + 4*s**2 - 5*s + 4. Let u be j(-5). Suppose -5*n = -u*l - 15, n - 3 = -0*l + l. Suppose k - 4*k + n = 0. What is the units digit of k?
1
Suppose 3*z - 30 = -2*q - q, 10 = 5*q - 5*z. Let b(t) be the third derivative of t**5/60 - 5*t**4/24 + t**2. What is the units digit of b(q)?
6
Suppose 0 = 2*u + 3*m + 13, 3*u - 21 = 2*m - 8. What is the units digit of u/4 + 310/8?
9
Let k(i) = i**2 + 2*i + 1. Let r be k(-1). Let j be 2 + (r + 3)*1. Let v(w) = w**2 - 6*w + 6. What is the units digit of v(j)?
1
Let y(h) = 2*h - 3. Let w be y(2). Suppose -w = -r - 0*r. Let x = r + 1. What is the units digit of x?
2
Let u(t) = -t + 5. What is the units digit of u(-9)?
4
Let u(l) = l**3 - 11*l**2 + 8*l - 9. Let w(v) = -v**3 + 12*v**2 - 8*v + 8. Suppose -6 = -5*j - 21. Let k(f) = j*u(f) - 2*w(f). What is the tens digit of k(8)?
1
Suppose -3*p = -194 - 7. Suppose -5*j + p = -33. What is the tens digit of j?
2
Let p(o) = -o**3 - 3*o**2 + 2*o - 13. What is the tens digit of p(-6)?
8
Let m(s) = -4*s - 1. Let l be m(-5). Let h = l + -7. What is the units digit of h?
2
Let c = 19 - 13. Let z(o) = 1 - 5*o**2 + 4*o**2 + c*o + 0. What is the units digit of z(5)?
6
Let k = 9 - 14. What is the tens digit of 2/k - (-154)/10?
1
Suppose 5*f - 155 = -0*f. Let z = f - 22. What is the units digit of z?
9
Suppose 0 = -i - 5*i + 774. What is the hundreds digit of i?
1
Let f(n) = -n**3 + 6*n**2 - 4*n - 2. Suppose 20 = 5*b - 5. What is the units digit of f(b)?
3
Suppose 0 = -2*i - 0*r - 3*r + 343, -2*i + 3*r + 313 = 0. What is the units digit of i?
4
Let q = 7 + 5. What is the tens digit of q?
1
Suppose -a + 4*h = 4*a + 77, -h + 55 = -4*a. Let v = a - -18. Suppose 0 = 2*l - v*u - 31, 3*u = -2*u - 25. What is the units digit of l?
3
What is the units digit of (-8)/3*(-270)/40?
8
Let u(c) = c**3 + 6*c**2 + 3*c. Let w be u(-4). Let r = 11 - w. Let d = 13 + r. What is the units digit of d?
4
Let f = 17 - -30. What is the tens digit of f?
4
Let w(f) = -5*f - 1. Let g be w(3). Let n = g + 25. What is the units digit of n?
9
Suppose 0 = 4*p + f - 63, -5*p + 3*f + 100 = 0. Let y = -2 + 5. Let s = p - y. What is the tens digit of s?
1
Let z = -20 - -25. What is the units digit of z?
5
Let h(p) = 10*p**2 + 2*p + 3. What is the tens digit of h(-3)?
8
Suppose -2*t + 0*t = -18. Let z be t/(-2)*(-8)/6. Suppose 2*i + 4*c = z*i - 24, c = -i. What is the units digit of i?
3
Let o = 419 + -279. What is the tens digit of o?
4
Suppose -x - 3*x + 32 = 4*c, 3*x = -4*c + 28. Suppose 12 = -3*f, 3*k + 4*f - x = -5. What is the units digit of k?
5
Let d(s) = -s**2 - 14*s - 9. Let t be d(-13). Suppose 5*l - 1 = t. What is the units digit of l?
1
Let c = -23 - -32. Let n = c + 10. Let r = 34 - n. What is the tens digit of r?
1
Let v(s) = -s. Let r be v(7). Let n = 17 + r. Suppose 0 = -2*f + 3*f - n. What is the tens digit of f?
1
Let l(z) = -z**3 + 10*z**2 + 2*z - 14. What is the units digit of l(10)?
6
Let y = -9 + 6. Let c(b) = -6*b + 3. What is the units digit of c(y)?
1
Let f(y) = 3*y - y**3 + 2*y + 5 - 8*y**2 + 2*y**3 + 2*y**2. Suppose 5*o - 29 = -4. What is the units digit of f(o)?
5
Suppose -3*t = 2*x + 5, x - 2*x = 3*t + 7. Suppose -3*v - x = -v. Let s = v + 11. What is the tens digit of s?
1
Suppose 0 = 2*h + 3*b - 12 - 53, 5*b + 50 = 3*h. What is the tens digit of h?
2
Let a(o) = 0 - 5 - 2*o + 3. Let j be a(-3). Suppose -4*v + 2*v + 11 = 5*s, j*v - 29 = -3*s. What is the units digit of v?
8
Suppose -7*y = -11*y + 120. What is the units digit of y?
0
Let w be (-2*1)/(3/(-6)). Suppose 4*x - 44 = 4*p - 2*p, -w*p = 2*x - 12. What is the tens digit of x?
1
What is the tens digit of (6/(-12))/((-2)/92)?
2
Let t(u) = u**3 + u**2 + u + 4. Let c be t(0). Let s(y) = y. Let n be s(c). What is the units digit of n/(-6) - 5/(-3)?
1
Let d be (-2 - 16)/(-2) + 2. Let t(b) = b**2 - 11*b + 6. What is the units digit of t(d)?
6
Let i = -3 - -5. Let z(w) = -9*w**3 - w**i - w**2 + 8*w**3 - 14 + 3*w + 13*w**2. What is the tens digit of z(11)?
1
Let p(h) = h**3 - 5*h**2 - 4*h. Suppose -3*a + 18 = -0*a. Let r be p(a). Suppose 2*y - 12 = r. What is the units digit of y?
2
Suppose -4*b - 72 + 640 = 0. What is the hundreds digit of b?
1
Let r be 3/6*6*1. Suppose 0 = 5*s + 3*j - 15, -r*s - 2*j - 34 = -7*s. What is the units digit of s?
6
Suppose -47 = -5*a + 3*v, -2*a + 3 = 4*v - 21. Suppose 0 = -4*h - 5*i + 24 - 6, -3*i = 2*h - a. What is the units digit of 8/((6 - h)/2)?
4
Let d be ((-4)/3)/4*-15. Suppose -4*h + d*n - 6 - 74 = 0, -4*h - 5*n - 40 = 0. What is the units digit of -1 + -4*h/6?
9
Let t(l) = 2*l**3 + l**3 + 10*l**2 - 2*l**3 - 12 + 7*l. Let i be t(-9). Suppose -i*r + 7*r = 9. What is the units digit of r?
9
Let i(z) = 3*z**2 - 4*z + 2. Let w be i(2). Let p(h) = -h**3 + 7*h**2 - 4*h - 1. What is the tens digit of p(w)?
1
Let w = -10 - -5. Let l(x) = -x - 7. Let p be l(w). Let a = p - -5. What is the units digit of a?
3
Let u be 2/(12/98)*3. Let y = -22 + u. Suppose y = 3*s - 3. What is the units digit of s?
0
Suppose -5*x - 15 + 5 = 0. Let n = x - -20. What is the units digit of n?
8
Let c = -1 - -3. Suppose 0*l - 16 = -c*l + 4*b, -2*b - 72 = -5*l. What is the tens digit of l?
1
Suppose 4 = 5*o - 96. Let p = o - 10. What is the tens digit of p?
1
Suppose 2*n - 5*a - 14 = 10, 0 = -2*n - 2*a - 4. Suppose -n*d + 27 = 3*w - d, -3*d = -5*w + 45. What is the units digit of w?
9
Suppose -3*l - 5*f + 2 = -14, l - f = 0. Suppose 0 = 